 m - 2. What are the prime factors of k(w)?
7
Suppose 124 = 6*w - 296. What are the prime factors of w?
2, 5, 7
Let b = 19 - -63. Suppose -4*w = 2*u + 3*u - 123, 5*w = 4*u - b. What are the prime factors of u?
23
Suppose -2*s + 3*s + 49 = 2*w, 4*s = 4*w - 88. What are the prime factors of w?
3
Let z be (-44)/10 + (-4)/(-10). What are the prime factors of ((-6)/z)/(2/12)?
3
Let w(n) = 0 - 12*n + 1 - 6. Let t be w(-5). Suppose -7*i + t = -2*i. What are the prime factors of i?
11
Let x = -7 + 12. Let a = -5 + x. Suppose -4*o + 8 = -a*o. List the prime factors of o.
2
Suppose -4*x + 76 - 1 = 5*h, 4*h - 60 = -2*x. Suppose 3*m - h = 54. Let a = -9 + m. List the prime factors of a.
2, 7
Let i(s) = s**2 + 6*s - 25. List the prime factors of i(10).
3, 5
Let z = -9 - -22. What are the prime factors of z?
13
Let r = -1 + 1. Suppose j + r - 2 = 0. What are the prime factors of 97/11 - j/(-11)?
3
Suppose 1 = 4*a - 7. Suppose 4*m + 24 = 8*m. Suppose a*o + 20 = m*o. What are the prime factors of o?
5
List the prime factors of 157/(3/((-12)/(-4))) + 2.
3, 53
Let y = -1 - -4. Suppose 3*w + y + 3 = 0. Let n = 14 + w. What are the prime factors of n?
2, 3
Let m(t) = -t**3 + 8*t**2 + 8*t + 3. Let w be m(9). List the prime factors of (-76)/w + (-1)/(-3).
13
Let a(q) = -2*q**2 - 23*q + 14. List the prime factors of a(-8).
2, 5, 7
Suppose 0 = 3*a + 3*w + w - 221, 0 = 5*a + 3*w - 361. Suppose 5*f = -16 + a. List the prime factors of f.
11
Suppose 4*m = 2*q + 72, 0*m - 5*q = -m + 18. Let u = -10 + m. Let x(z) = 2*z - 8. What are the prime factors of x(u)?
2
Suppose 3*t + 4*p + 15 = 0, 4*p + 17 = -5*t - 0*p. Let j = t + 0. List the prime factors of (-6)/(-7)*(j + 8).
2, 3
Let j = 34 + -11. What are the prime factors of j?
23
What are the prime factors of (-7)/((-147)/6) + (-1716)/(-21)?
2, 41
Suppose 0 = 5*a - 2*y - 24 + 5, a + 5*y + 7 = 0. Suppose a*p - 20 = -p. What are the prime factors of p?
5
Let r(a) = a**3 + 12*a**2 - 6*a + 15. What are the prime factors of r(-6)?
3, 89
Let t be (-2)/(-6) + 5/3. Let n = 9 + t. List the prime factors of n.
11
Suppose 0 = g + 2*g + 3. Let p(a) = 5*a**3 + 6*a**2 - 7*a. Let h(b) = b**3 - b**2 + b. Let q(l) = -6*h(l) - p(l). What are the prime factors of q(g)?
2, 5
Suppose 3*m + 15 = 0, 4*m + 20 - 5 = -p. Suppose p*c - 31 = 19. What are the prime factors of c?
2, 5
Suppose -3*g = 2*g. Suppose 2*j - 2 = g, 0*j - 2*j + 22 = 4*i. Suppose -5*m + 60 = -4*x, 4*x - 131 + 31 = -i*m. What are the prime factors of m?
2
Suppose u = -4*z - u + 44, 0 = -2*z + 3*u + 14. Suppose 0 = -p + 4*v + 3, -3*p + 23 = -z*v + 5*v. What are the prime factors of p?
11
Suppose -3*j - 96 = -7*j. List the prime factors of j.
2, 3
List the prime factors of 1100/(-11)*(2 + -3 - 0).
2, 5
Let k = -14 + 23. Let q be 48/9 + (-3)/k. Let a = 25 - q. List the prime factors of a.
2, 5
Let f(c) = -c**3 - c**2 - c - 1. Let x(v) = 10*v**2 + 9*v + 8. Let l(d) = -f(d) - x(d). List the prime factors of l(10).
13
Suppose 0*b = b - 34. What are the prime factors of b?
2, 17
What are the prime factors of ((-2 - -5) + (-11)/(-3))*9?
2, 3, 5
Let v(r) = -r**2 + 3 + 10*r - 5*r + 0*r**2. Let g be v(4). Suppose 0 = g*c - 4*c - 18. List the prime factors of c.
2, 3
Suppose 76 + 56 = 4*j. List the prime factors of j.
3, 11
Suppose 5*u + 9 = 3*n - 0*n, -5*u = 4*n - 12. Let h(v) be the second derivative of -v**4/12 + v**3/6 + 7*v**2/2 + 12*v. List the prime factors of h(u).
7
Suppose 15 = -0*z + 3*z. Suppose -5*k + 235 = z*h, 3*h + 2*k - 143 = -0*k. Suppose -5*r = -3*s + h, -2*r + 16 + 4 = s. List the prime factors of s.
2, 3
Suppose 12 = 2*y + y. Let w = 9 + -5. What are the prime factors of y/(-8)*w*-6?
2, 3
Suppose 0 = 5*t - 6*t + 42. What are the prime factors of t?
2, 3, 7
Let m = 16 - 18. List the prime factors of (16/(-12))/(m/3).
2
Suppose 3*p = 10*p - 315. List the prime factors of p.
3, 5
Suppose 24 + 15 = -3*p. Let m = p + 27. Suppose 0*q = 2*q - m. What are the prime factors of q?
7
Suppose r - 4 = 127. What are the prime factors of r?
131
Let w = 9 - 4. Suppose w*f - 75 = -0. What are the prime factors of f?
3, 5
Let m(x) = -x**3 - 2*x - 1. Let l be m(-1). Suppose l*r - 11 = 7. List the prime factors of r.
3
Let y(i) = i**2 - 10*i. What are the prime factors of y(17)?
7, 17
Let p = 23 - 8. What are the prime factors of p?
3, 5
List the prime factors of (100/(-35))/(2/(-14)).
2, 5
Let v(n) = 41*n**2 + 0*n + 2*n - 1 + 10*n**2 - 12*n**2. What are the prime factors of v(1)?
2, 5
Suppose 2*c + 3*c = 5*a + 130, 3*a + 9 = 0. List the prime factors of c.
23
Let c = 36 - 20. Suppose -15*l - 55 = -c*l. List the prime factors of l.
5, 11
Let v(d) = -d**2 - 4*d - 2. Let q be v(-3). Suppose 4*k = -2*b + 7*b, -4*b = -3*k - q. Suppose 2*n = 3*y + 18, -1 + k = 2*y. List the prime factors of n.
2, 3
Let l(m) = 2*m**2 + 2*m - 1. Let a be l(2). Let y(z) = -z**2 + 6*z - 10 + 12*z - 4*z - z. List the prime factors of y(a).
2, 3
Suppose -4*z + 16 = -0*z. Suppose 2*b = -4*s + 56, 32 = 3*s + s - z*b. What are the prime factors of s?
2, 3
Suppose -5*w - 3*j + 263 = 0, 0*w - 4*w = 2*j - 210. Let p = w + -15. List the prime factors of p.
37
Let b(w) be the first derivative of w**2 + 7*w + 3. What are the prime factors of b(8)?
23
Suppose -2*q = -4*k - 174, -4*q + 128 = -4*k - 208. List the prime factors of q.
3
Let d(j) = -j**3 - 5*j**2 + 14. List the prime factors of d(-6).
2, 5
Suppose 39 = -8*d + 103. Suppose f - 3*m - 37 = 0, f = -m - m + 12. Suppose n = -d + f. What are the prime factors of n?
2, 7
Suppose -2*m = 5*y + 26, 5*m + 2*y + 0*y = -23. Let q be 14/((-3)/m) + 0. What are the prime factors of q/2 + (4 - 4)?
7
Suppose -103 = -4*a - 3*p, 2*p + 48 = -4*a + 146. Let q = 38 - a. Suppose -5*v + q = -4*d, 0 = -4*v - 2*d - 0*d + 18. List the prime factors of v.
2
Let r(y) = y**3 + 6*y**2 - 5*y - 10. What are the prime factors of r(-5)?
2, 5
Let q(i) = -78*i**3. Let m be q(-1). What are the prime factors of ((-4)/6)/((-4)/m)?
13
Let i(j) = 11*j**2 + 7. What are the prime factors of i(-4)?
3, 61
Let f be (-6)/(-18) + 52/6. Let t(h) = h - 6. Let m be t(f). Suppose m*r = -r + 28. What are the prime factors of r?
7
Let m be 5/(15/18)*1. Let y = -1 - -4. Suppose 5*l - m - 9 = -z, -y*z + 34 = 4*l. List the prime factors of z.
2, 5
Let h = -8 + 0. Let n = h + 35. Suppose -3*r = -2*g - n, 2*g - 7 = -1. List the prime factors of r.
11
Let p = -44 - -82. Let v be (-4)/(-14) + p/14. What are the prime factors of (-1)/v - (-62)/6?
2, 5
Let d = -6 - -9. What are the prime factors of (-12)/(-8)*d*2?
3
Suppose -170 = -4*d + 2. List the prime factors of d.
43
Suppose -35 = -w - 4*w. List the prime factors of (3 + -1)*(w - 1).
2, 3
Suppose -h + 65 = t - 2*h, 361 = 5*t + 4*h. Suppose 0 = 5*v - 41 - t. Suppose -v = -s - 4*j, 0*s = -5*s + 3*j + 41. What are the prime factors of s?
2, 5
Let j(k) = k**3 + 6*k**2 + 6*k + 2. Let a be j(-5). Let v = a + -14. Let l = -5 - v. What are the prime factors of l?
2, 3
Let b(u) be the third derivative of u**5/60 - u**4/4 - 5*u**3/6 + 2*u**2. What are the prime factors of b(9)?
2, 11
Let d be 2/6 + 5/3. Suppose 0 = 2*b + 3*c - 37, -b - c + 11 = -d*c. What are the prime factors of b?
2, 7
Suppose q = 4*f + 29, q - 2*q + 5*f = -31. Suppose 2*i + 15 = -i, q = -w - 4*i. List the prime factors of 6 - 3/(3*w).
7
What are the prime factors of 1146/15 - 8/20?
2, 19
Let h(p) be the third derivative of -p**4/4 + p**3/6 - 3*p**2. What are the prime factors of h(-4)?
5
Suppose -5*b = -26 - 74. Let i = b + 0. List the prime factors of i.
2, 5
Suppose 5*v - 3 = -4*o + 11, -2*o + v + 14 = 0. Let z(i) = 5*i + 6. What are the prime factors of z(o)?
2, 3
Let k be -2*(-1 + (-21)/(-1)). Let d = -20 - k. Suppose 4*o - 68 + d = 0. List the prime factors of o.
2, 3
Let x(f) = -f**3 - 9*f**2 + 7*f - 13. List the prime factors of x(-10).
17
Let c = -41 + 28. Let z = c - -33. What are the prime factors of z?
2, 5
Let a(q) = 3*q**2 + q. Let w be a(-1). Let b(t) = t**2 + t - 2. What are the prime factors of b(w)?
2
Let x = 37 + 114. What are the prime factors of x?
151
Suppose -s = 2*s - u - 232, s + u = 72. What are the prime factors of s?
2, 19
Let h be (1 + -7)/(1*-2). Suppose -a + 2*x + 2 = 2*a, 0 = -a - h*x + 8. Suppose -3*q + a = -28. What are the prime factors of q?
2, 5
Suppose -2*a = -5*a + 27. What